ultiple of 213?
True
Does 24 divide 21891624?
True
Is 667931320 a multiple of 5320?
True
Is 245 a factor of 69554520?
True
Is 94615600 a multiple of 80?
True
Is 50494995 a multiple of 176?
False
Is 2805 a factor of 11152576?
False
Is 10 a factor of 12735764?
False
Does 71 divide 221693382?
True
Is 392 a factor of 14986022?
False
Is 10462 a factor of 394678950?
True
Does 12 divide 47045340?
True
Is 329304570 a multiple of 870?
True
Does 269 divide 53064016?
True
Is 214 a factor of 624902898?
True
Is 28 a factor of 1004641583?
False
Is 23 a factor of 1727714039?
False
Is 30 a factor of 520468978?
False
Is 44 a factor of 225733152?
False
Does 885 divide 29363477?
False
Does 10894 divide 2147022841?
False
Is 44650050 a multiple of 20?
False
Does 12 divide 8796444?
True
Is 12912771 a multiple of 31?
True
Is 770 a factor of 739442213?
False
Is 3965 a factor of 301321812?
False
Does 291 divide 2159540?
False
Is 10 a factor of 523873093?
False
Is 59 a factor of 285619?
True
Is 58602470 a multiple of 17?
False
Is 844994796 a multiple of 13?
False
Is 18 a factor of 3250095001?
False
Is 165 a factor of 542064270?
True
Does 27 divide 8688323?
False
Is 610 a factor of 464541554?
False
Is 200 a factor of 3368976?
False
Is 5153940 a multiple of 6?
True
Is 13989843 a multiple of 7?
True
Is 8251740 a multiple of 6?
True
Is 101787814 a multiple of 2?
True
Does 5 divide 92467202?
False
Is 15682795 a multiple of 1880?
False
Is 2781746646 a multiple of 1414?
True
Is 408307840 a multiple of 3768?
False
Is 292 a factor of 31917679?
False
Is 5442 a factor of 557208687?
False
Does 132 divide 76521402?
False
Is 75134976 a multiple of 46?
False
Does 964 divide 130609051?
False
Does 100 divide 4206628?
False
Does 810 divide 88405830?
True
Is 832308 a multiple of 6?
True
Is 7191464 a multiple of 14?
True
Is 52 a factor of 35046080?
False
Does 2044 divide 2066165756?
False
Is 13 a factor of 30466440?
False
Is 130 a factor of 22663290?
True
Is 103 a factor of 3000596?
True
Is 224491936 a multiple of 34?
True
Is 104 a factor of 165021168?
True
Does 954 divide 4868262?
True
Is 15 a factor of 938448354?
False
Is 22344714 a multiple of 42?
True
Does 1182 divide 39508350?
True
Does 129 divide 28544382?
False
Does 4435 divide 173315365?
True
Does 95 divide 1444987430?
True
Is 28676956 a multiple of 606?
False
Is 1718854608 a multiple of 1644?
True
Is 80369388 a multiple of 627?
False
Does 273 divide 132016443?
False
Is 251232135 a multiple of 165?
True
Is 6 a factor of 84935826?
True
Is 406 a factor of 1218860720?
True
Does 642 divide 103946220?
True
Does 50 divide 2121881450?
True
Is 164 a factor of 37851692?
True
Is 399955701 a multiple of 8?
False
Does 1050 divide 207364500?
True
Does 16 divide 7617670633?
False
Does 144 divide 5536936?
False
Is 73 a factor of 39606807?
True
Is 3923673 a multiple of 4?
False
Does 23 divide 124406770?
True
Is 565024675 a multiple of 4?
False
Is 3 a factor of 2493558?
True
Is 38 a factor of 38590082?
False
Is 128193152 a multiple of 38?
True
Is 279 a factor of 130626856?
False
Does 47 divide 3015459395?
False
Is 177 a factor of 47327322?
True
Is 87095734 a multiple of 65?
False
Does 665 divide 1948321655?
True
Does 85 divide 10438765?
True
Is 95971711 a multiple of 4?
False
Does 46 divide 14311743?
False
Is 139 a factor of 20714614?
True
Is 51 a factor of 89122041?
True
Is 13665114 a multiple of 11?
False
Is 389569850 a multiple of 446?
True
Is 51 a factor of 105280253?
False
Is 68029647 a multiple of 10?
False
Is 13745940 a multiple of 65?
True
Does 1157 divide 11168521?
True
Is 4118450 a multiple of 98?
True
Is 2164792 a multiple of 1798?
True
Is 38 a factor of 1510905?
False
Is 18377144 a multiple of 2592?
False
Is 166913375 a multiple of 4595?
True
Does 2958 divide 1924912584?
True
Is 404033252 a multiple of 794?
True
Is 21998617 a multiple of 13?
False
Is 29 a factor of 16724090?
False
Is 871 a factor of 28553993?
True
Does 12 divide 6814634?
False
Does 3 divide 38052155?
False
Is 73 a factor of 34816109?
True
Is 598 a factor of 4986124?
True
Does 17 divide 56893192?
False
Is 50 a factor of 15770600?
True
Is 230815260 a multiple of 468?
True
Is 256 a factor of 21638912?
True
Does 271 divide 61629358?
False
Is 62822743 a multiple of 317?
True
Does 80 divide 32302400?
True
Does 21 divide 367537?
False
Is 562244959 a multiple of 5?
False
Does 88 divide 424134167?
False
Is 7 a factor of 602968818?
False
Is 18 a factor of 179608716?
True
Is 1204300546 a multiple of 109?
False
Is 49852136 a multiple of 2504?
True
Does 392 divide 378845601?
False
Does 56 divide 1160183808?
True
Is 3821 a factor of 18539492?
True
Does 1748 divide 659510820?
False
Is 287183520 a multiple of 120?
True
Does 423 divide 50859405?
True
Is 72095975 a multiple of 22?
False
Is 416758772 a multiple of 9?
False
Is 15 a factor of 3678642?
False
Is 25397860 a multiple of 235?
True
Is 26092791 a multiple of 14?
False
Is 1336464 a multiple of 24?
True
Is 1341880812 a multiple of 9?
True
Is 23 a factor of 29946098?
False
Is 13 a factor of 1105448477?
False
Is 35 a factor of 169634603?
False
Does 10 divide 1569717900?
True
Is 120704585 a multiple of 5?
True
Is 288200825 a multiple of 605?
True
Is 707840102 a multiple of 26?
False
Is 26933496 a multiple of 21?
False
Does 122 divide 24646318?
True
Does 15 divide 4657590?
True
Is 45397308 a multiple of 46?
True
Is 66 a factor of 43856868?
True
Does 17 divide 4209082?
False
Is 48 a factor of 41579130?
False
Does 19 divide 45491187?
True
Does 17 divide 88235999?
False
Does 17 divide 6022964?
True
Is 355371412 a multiple of 1373?
False
Is 173522062 a multiple of 7?
True
Is 8283588 a multiple of 16?
False
Is 4136264869 a multiple of 7403?
False
Is 17415596 a multiple of 2?
True
Does 87 divide 52246197?
True
Does 6 divide 2855916?
True
Is 22 a factor of 8389370?
True
Is 8 a factor of 8863168?
True
Is 26 a factor of 54393196?
True
Is 457 a factor of 22327398?
False
Is 5 a factor of 3955155?
True
Is 9 a factor of 11453861?
False
Is 444646397 a multiple of 2089?
False
Does 35 divide 1250339630?
False
Does 200 divide 40311800?
True
Is 596365162 a multiple of 24?
False
Does 11 divide 4247980?
True
Is 1401 a factor of 171627929?
False
Is 218460762 a multiple of 598?
True
Does 22 divide 316049483?
False
Does 77 divide 201386801?
True
Is 21912754 a multiple of 43?
False
Is 10 a factor of 369202273?
False
Does 120 divide 2186040?
True
Is 27401457 a multiple of 26?
False
Does 13 divide 201523699?
True
Does 844 divide 18838924?
True
Is 18820760 a multiple of 10?
True
Is 214 a factor of 39234918?
False
Does 24 divide 17079875?
False
Does 129 divide 33199053?
True
Does 707 divide 416198881?
True
Is 828 a factor of 17845056?
True
Does 18 divide 3266594357?
False
Is 682 a factor of 1173722?
True
Is 105517021 a multiple of 119?
False
Is 349 a factor of 1870672428?
False
Does 328 divide 5559360?
False
Is 17497701 a multiple of 9?
True
Is 50 a factor of 15149604?
False
Is 318 a factor of 10899311?
False
Is 300491829 a multiple of 10?
False
Does 84 divide 16146565?
False
Is 555 a factor of 4276830?
True
Is 924506010 a multiple of 15?
True
Is 188 a factor of 139639910?
False
Does 326 divide 126036952?
False
Is 155 a factor of 232496125?
True
Does 25 divide 94033375?
True
Is 1236818560 a multiple of 462?
False
Is 25 a factor of 341895400?
True
Does 65 divide 342020250?
True
Is 525 a factor of 723451959?
False
Is 1138125774 a multiple of 7026?
False
Is 27 a factor of 13467924?
True
Is 6 a factor of 3746932?
False
Is 3106 a factor of 291793170?
True
Does 233 divide 849323359?
False
Does 10 divide 1134663660?
True
Does 34 divide 721871927?
False
Is 38810189 a multiple of 25?
False
Is 61962452 a multiple of 67?
False
Does 77 divide 331540671?
True
Does 6 divide 1142322?
True
Is 126684757 even?
False
Is 102 a factor of 139758784?
False
Does 31 divide 352667501?
True
Does 3262 divide 259766108?
True
Does 108 divide 28788026?
False
Does 157 divide 9631448?
False
Does 12 divide 1903675?
False
Is 93291028 a multiple of 31?
True
Is 17 a factor of 1202695768?
False
Does 464 divide 440088396?
False
Is 27 a factor of 3458430?
True
Does 6 divide 314528646?
True
Is 1707 a factor of 626579660?
False
Is 38928567 a multiple of 143?
False
Does 19 divide 1085373150?
False
Is